2*i**3. List the prime factors of u(-11).
3, 17
Let f = 538 + -971. Let s = -378 - -173. Let w = s - f. List the prime factors of w.
2, 3, 19
Let s = -671 + 1183. Let o = s - 248. What are the prime factors of o?
2, 3, 11
Suppose -12278 + 381978 = 17*t + 8*t. What are the prime factors of t?
2, 3697
Let v = 1619 + -5089. Let z = v + 4951. What are the prime factors of z?
1481
Let v(k) = -k**2 - 21*k - 14. Let q be v(-18). Let m = q + -37. Suppose -c - 3*w - 4 + 26 = 0, -m*c + 34 = w. What are the prime factors of c?
2, 5
Suppose 2*o - 3*i + 19 = -8*i, 3*o + 6 = -3*i. Suppose 5*m - o*m = 0. Suppose g - 4*r - 24 = m, -3*r - 12 = -3. What are the prime factors of g?
2, 3
Let s(f) = f**3 + f**2 - 7*f + 3. Let z be s(6). Suppose 3*v - 66 - z = 0. Let p = v - 53. What are the prime factors of p?
2, 5
Let a(t) = 13*t**3 - 3*t**2 - 33*t + 194. List the prime factors of a(11).
31, 541
Suppose -f + 511 = 4*w, 2*f - w + 703 = 1770. Let q = f - 351. Suppose 47*j + q = 51*j. List the prime factors of j.
3, 5
Let k(c) = 683*c**2 - 1149*c + 12. What are the prime factors of k(-5)?
2, 1427
Suppose -19*d + 18*d - 8 = 0. Let x be 3/6 - (-52)/d. Let l = 64 - x. List the prime factors of l.
2, 5, 7
Suppose 3*k - 3*o - 1110 = 585, 0 = -2*k - 4*o + 1130. Suppose -y + 5*f = 3*y - k, 285 = 2*y - 3*f. What are the prime factors of ((-72)/(-15))/(6/y)?
2, 3
Suppose 19*r - 5*r + 42 = 0. Let k be 3/r*-1 + 51. Let w = 73 - k. What are the prime factors of w?
3, 7
Suppose 4*h - 1806 = -2*x, -3*x - 770 + 322 = -h. Suppose 199 = 2*c + 5*m, 5*c + m = 4*m + h. Suppose -11 = 3*t - c. What are the prime factors of t?
3
Suppose -33*j - 1952 + 53938 = -11*j. What are the prime factors of j?
17, 139
Let r(t) = 8*t**2 - 13*t - 78. What are the prime factors of r(-20)?
2, 19, 89
Let c(f) = -f**2 - 11*f + 4. Let b be c(-10). Suppose 51*k + 4475 = 56*k. Suppose -b*s = -9*s - k. List the prime factors of s.
179
List the prime factors of 24/21 + -1 + (7 - 429147/(-63)).
3, 2273
Let b be (-180484)/(-22) + (-6)/(-33). Suppose -b + 630 = -7*v. What are the prime factors of v?
2, 541
Suppose -2072 - 1028 = -20*i. Let n = 21 + -41. Let b = n + i. List the prime factors of b.
3, 5
Let t(v) = 4*v**2 + 16*v + 580. What are the prime factors of t(-33)?
2, 19, 29
Let f(t) = 2*t - 25. Let d be f(13). Let r be (128/13)/d + 2/13. Suppose -r*c - 252 = -12*c. What are the prime factors of c?
2, 3, 7
Let t(s) = -102*s - 96. List the prime factors of t(-23).
2, 3, 5
Suppose 2*q = 10, 5*q + 72 = -4*b - 255. Let l = b - -103. Suppose l*k - 1599 - 2286 = 0. What are the prime factors of k?
7, 37
Suppose u - 2 = -0. Let x(i) = u*i - 22*i + 2*i - 30 + 11*i. What are the prime factors of x(-7)?
19
Suppose 157114 = 5*y + 3*z, -62854 = -2*y + 21*z - 25*z. List the prime factors of y.
13, 2417
Let y = 19648 - 8356. What are the prime factors of y?
2, 3, 941
Let o = 2964 + -2900. List the prime factors of o.
2
Suppose p = 2*m - 654, -p = -4*m + 207 + 447. Let w = -421 - p. List the prime factors of w.
233
Let t be (-2*(0 - 1))/((-188)/(-393390)). Suppose -210*m + 201*m = -t. What are the prime factors of m?
3, 5, 31
Let l be (2*(-8)/36)/(4/(-18)). Suppose 0 = -m - c - 14 + 99, 0 = 5*m - l*c - 425. Suppose -m = 12*x - 937. List the prime factors of x.
71
Suppose m = 138 - 138. Suppose 152 = 4*w + p + 4*p, m = -3*w + 4*p + 145. What are the prime factors of (w/(-3))/((-11)/33)?
43
Let l(u) = u**3 - 11*u**2 - 3*u + 5. Let h be l(11). What are the prime factors of (-67644)/(-8)*h/(-126)?
1879
List the prime factors of (35571 - 1) + (-90)/(-6) + (-16)/2.
3, 59, 67
Let l(r) = 46*r + 5. Let j be l(8). Let i = 702 - j. List the prime factors of i.
7, 47
Let x(u) = -3*u**3 - 8*u**2 - 2*u - 18. Let r = 476 + -481. List the prime factors of x(r).
167
Suppose 4*w - 5*w + 28 = 0. Let y be 5 - (3 + ((-6)/6 - 2)). List the prime factors of y/35 - (-2376)/w.
5, 17
Let y = -716 - -494. Let j = -137 - y. List the prime factors of j.
5, 17
Suppose 0 = 5*s - 15, -10*m + 4*s = -14*m + 133728. List the prime factors of m.
3, 11, 1013
Let i(t) = -483*t + 1517. List the prime factors of i(-16).
5, 43
Let c be (-6)/3 - -2 - (4 - 9). Suppose n + 2*i = 447, 0*n = -n - c*i + 447. List the prime factors of n.
3, 149
Suppose -63 = -3*y - 1167. Let r = y + 218. What are the prime factors of (-2884)/(-30) - 0 - (-20)/r?
2, 3
Let x(p) = p**3 + 4*p**2 + 10*p + 13. Let q be (12/(-14))/(3 + (-44)/14). What are the prime factors of x(q)?
433
Let g be (38/6 - (-9)/(-3))*-3. Let u = g + 15. Suppose 808 = -u*p + 9*p. What are the prime factors of p?
2, 101
Suppose 400 = 4*d - 5*w, 51*w - 273 = -3*d + 48*w. What are the prime factors of d?
5, 19
Let h = -56 + 232. List the prime factors of 5/4 - 33/h*-3764.
7, 101
Let z = 3 - 6. Let m(n) = -n**3 + 24*n**2 + 22*n + 91. Let k be m(25). Let d = k - z. What are the prime factors of d?
19
Let a be 51/((-1)/(8/(-12))). Suppose -10*h + 66 = -a. List the prime factors of (-8)/h*(-4 + 1908/(-8)).
2, 97
Let h = 97 - -93. Suppose 18*t - 19*t = -h. What are the prime factors of t?
2, 5, 19
Let f(s) = 122*s - 52. Let y be f(-14). Let l = -1132 - y. What are the prime factors of l?
2, 157
Suppose -4*j = 8, m + 63*j = 61*j - 4. Suppose 5*t - 3*k = 21, -k - 5 = -t - 0*t. Suppose m = t*b + 2*q - 254, -4*q + 12 = -4. What are the prime factors of b?
2, 41
Let z = 90 + -86. Suppose -t + 618 = -z*l, 4*l = 3*t - t - 620. Let k = l + 286. List the prime factors of k.
2, 3, 11
Let i(k) = -k**3 + 8*k**2 - k + 11. Let r be i(8). Suppose -5*d = -p + 25, -7 = 3*p + 2*d + r. Let n(c) = -c**2 - 3*c + 20. What are the prime factors of n(p)?
2, 5
Let f(w) = -w**2 + w + 516. Let o be f(0). Suppose 3*s + 3*s = -o. Let b = -4 - s. What are the prime factors of b?
2, 41
Let t(b) be the third derivative of 1/3*b**3 + 1/12*b**4 + 0*b + 0 + 3/20*b**5 + 4*b**2. What are the prime factors of t(-4)?
2, 3, 23
Let r = 48 - 23. Let h = r - -26. Suppose 6*z = h + 603. What are the prime factors of z?
109
Let h(d) = -d**3 + 2*d**2 - 3*d + 4. Let i be 3/24*-6*-4. Let x be h(i). List the prime factors of (-864)/(-42) + 8/x.
2, 5
Let w(a) = -265*a + 55. Let c = -344 - -339. What are the prime factors of w(c)?
2, 3, 5, 23
Suppose -3*p = -5*b - 39358, -2*p + 32457 - 6217 = -4*b. What are the prime factors of p?
2, 3, 1093
Let z(j) = 981*j - 8. Let p be z(2). Suppose 2*q - 1950 = -5*u, u - 4*u = 2*q - p. List the prime factors of q.
2, 5, 7
Suppose 425762 = 180*z - 1020538. List the prime factors of z.
5, 1607
Let l = -10 + 14. Suppose -4*s + s - l*h = -29, s = h + 12. Suppose s*p - 581 = 4*p. What are the prime factors of p?
83
Suppose -2*q = 3*p + q - 63, -4*p - 2*q = -94. Suppose p = 4*a - 170. Let l = 73 - a. What are the prime factors of l?
2, 3
Let j(c) = c - 2. Let f be j(6). Suppose 2 = 4*s + 3*p - 6, s - f*p = 21. Suppose -3*t = -s*t + 80. What are the prime factors of t?
2, 5
Suppose 0*p - 2*p = 2*z + 1744, -5*p - 2*z - 4366 = 0. Let a = p + 1302. List the prime factors of a.
2, 107
Let j = 863 + -1460. Let q = j - -1431. List the prime factors of q.
2, 3, 139
Let f(t) = 21*t**2 - 3*t + 157. List the prime factors of f(17).
5, 13, 19
Let x(z) = 21*z - 43. Let u be x(25). Let n = u - 82. List the prime factors of n.
2, 5
List the prime factors of ((-1080)/(-840))/((-1)/(-5887)).
3, 29
Let c = 535 - -356. Suppose -c = -6*h - 117. What are the prime factors of h?
3, 43
Suppose -p + 113 = 7*f - 2*f, 81 = 3*f + 5*p. Let c(r) = -r**3 + 22*r**2 + 9*r - 51. List the prime factors of c(f).
3, 7
Let d be 162/36*(-778)/(-3). Let c = d - 614. List the prime factors of c.
7, 79
Let u be -2*5/(-10)*3. Suppose u*d = -4*g - 2*d + 1583, 3*g + 3*d = 1185. What are the prime factors of g?
2, 7
Let q(f) = 35*f - 43. Let u(v) = -34*v + 43. Let b(s) = -3*q(s) - 4*u(s). What are the prime factors of b(22)?
3, 71
Let g = 18870 + -11650. List the prime factors of g.
2, 5, 19
Let c = 6984 + -2722. What are the prime factors of c?
2, 2131
Let f(w) be the first derivative of w**5/2 - w**4/6 - 5*w**3/6 - 5*w**2 + 8. Let h(g) be the second derivative of f(g). List the prime factors of h(-2).
3, 41
Suppose z - 17274 = -6*v, 629*z + 4*v = 627*z + 34564. List the prime factors of z.
2, 3, 43, 67
Let g be ((-1188)/(-90))/(8/27100). Suppose 46*o = 13*o + g. What are the prim